{"id":2,"date":"2015-11-24T15:37:07","date_gmt":"2015-11-24T14:37:07","guid":{"rendered":"https:\/\/ispravi.me\/blog\/?page_id=2"},"modified":"2024-12-17T19:45:35","modified_gmt":"2024-12-17T18:45:35","slug":"o-usluzi","status":"publish","type":"page","link":"https:\/\/ispravi.me\/info\/","title":{"rendered":"O usluzi"},"content":{"rendered":"<p>Ispravi.me je besplatna usluga pravopisne provjere teksta pisanog hrvatskim jezikom.<\/p>\n<p>Od prolje\u0107a 1994. godine do kraja 2016. godine usluga je bila dostupna pod imenom <span style=\"color: #800000;\">Hascheck [Ha\u0161ek], <\/span>kada korisni\u010dki dio usluge mijenja naziv (i adresu) u Ispravi.me, a Ha\u0161ek ostaje pogonski mehanizam koji u pozadini obra\u0111uje tekst.<\/p>\n<p>Hascheck je kratica za <em>Hrvatski akademski spelling checker<\/em>.<\/p>\n<h2>Baza rije\u010di<\/h2>\n<p>Hascheckova baza rije\u010di\u00a0organizirana je u tri cjeline:<\/p>\n<ul>\n<li>hrvatski op\u0107ejezi\u010dni fond,<\/li>\n<li>hrvatski posebnojezi\u010dni fond (imena, nazivi itd.),<\/li>\n<li>engleski op\u0107ejezi\u010dni fond.<\/li>\n<\/ul>\n<p>Baza nije stati\u010dna, nego raste\u00a0ovisno o obradama, na temelju u\u010denja do tad nepoznatih rije\u010di (naj\u010de\u0161\u0107e iz imenskog fonda).<\/p>\n<h2>Vrste provjera<\/h2>\n<p>Klasi\u010dni sustav strojne provjere pravopisa\u00a0sustavno se pro\u0161iruje\u00a0mogu\u0107nostima kontekstualne obrade.<\/p>\n<h2>U\u010denje<\/h2>\n<p>U pozadini usluge djeluje ekspertni sustav koji u\u010di nove rije\u010di iz tekstova pristiglih na obradu. Radi o\u010duvanja visoke \u010disto\u0107e rje\u010dni\u010dke baze u\u010denje je nadgledano, \u0161to predstavlja ljudski energetski input u odr\u017eavanje i pobolj\u0161avanje usluge. Re\u010deni input dr\u017eimo razlogom za\u0161to usluga ima dugogodi\u0161nji eksponencijalni trend porasta opsega prometa s gradijentom od nekoliko postotaka mjese\u010dno.<\/p>\n<h2>Dosad obra\u0111eni korpus<\/h2>\n<p>Ha\u0161ek je ve\u0107 obradio korpus koji prema\u0161uje 10 milijardi rije\u010di-pojavnica (najve\u0107i ikada obra\u0111eni korpus u Hrvatskoj) te raspola\u017ee s rje\u010dni\u010dkom bazom s preko 2 milijuna rije\u010di-razli\u010dnica, koje sve imaju potvrdu u tekstovima pisanim hrvatskim jezikom.<\/p>\n<p>Svoje znanje Ha\u0161ek temelji i na brojnim obra\u0111enim leksikografskim djelima, po\u010dev\u0161i s dvotomnim <a href=\"https:\/\/hr.wikipedia.org\/wiki\/Hrvatski_leksikon\">Hrvatskim leksikonom<\/a>.<\/p>\n<p>Usluga je po svome karakteru nacionalna i infrastrukturna, \u0161to potvr\u0111uje i \u010dinjenica da je pru\u017eena korisnicima iz vi\u0161e od 160\u00a0vr\u0161nih IP-domena (zemalja), ali kako je izostala potpora uobi\u010dajena za takav tip usluga, <strong><a href=\"https:\/\/ispravi.me\/info\/uvjeti-koristenja\/\">korisnici mogu o\u010dekivati odre\u0111ena ograni\u010denja njezina kori\u0161tenja u budu\u0107nosti<\/a>.<\/strong><\/p>\n","protected":false},"excerpt":{"rendered":"<p>Ispravi.me je besplatna usluga pravopisne provjere teksta pisanog hrvatskim jezikom. Od prolje\u0107a 1994. godine do kraja 2016. godine usluga je bila dostupna pod imenom Hascheck [Ha\u0161ek], kada korisni\u010dki dio usluge mijenja naziv (i adresu) u Ispravi.me, a Ha\u0161ek ostaje pogonski mehanizam koji u pozadini obra\u0111uje tekst. Hascheck je kratica za Hrvatski akademski spelling checker. Baza [&hellip;]<\/p>\n","protected":false},"author":1,"featured_media":0,"parent":0,"menu_order":0,"comment_status":"closed","ping_status":"closed","template":"","meta":{"_exactmetrics_skip_tracking":false,"_exactmetrics_sitenote_active":false,"_exactmetrics_sitenote_note":"","_exactmetrics_sitenote_category":0,"footnotes":""},"class_list":["post-2","page","type-page","status-publish","hentry"],"_links":{"self":[{"href":"https:\/\/ispravi.me\/info\/wp-json\/wp\/v2\/pages\/2","targetHints":{"allow":["GET"]}}],"collection":[{"href":"https:\/\/ispravi.me\/info\/wp-json\/wp\/v2\/pages"}],"about":[{"href":"https:\/\/ispravi.me\/info\/wp-json\/wp\/v2\/types\/page"}],"author":[{"embeddable":true,"href":"https:\/\/ispravi.me\/info\/wp-json\/wp\/v2\/users\/1"}],"replies":[{"embeddable":true,"href":"https:\/\/ispravi.me\/info\/wp-json\/wp\/v2\/comments?post=2"}],"version-history":[{"count":28,"href":"https:\/\/ispravi.me\/info\/wp-json\/wp\/v2\/pages\/2\/revisions"}],"predecessor-version":[{"id":1181,"href":"https:\/\/ispravi.me\/info\/wp-json\/wp\/v2\/pages\/2\/revisions\/1181"}],"wp:attachment":[{"href":"https:\/\/ispravi.me\/info\/wp-json\/wp\/v2\/media?parent=2"}],"curies":[{"name":"wp","href":"https:\/\/api.w.org\/{rel}","templated":true}]}}