{"id":222,"date":"2016-07-22T21:47:43","date_gmt":"2016-07-22T20:47:43","guid":{"rendered":"https:\/\/ispravi.me\/info\/?page_id=222"},"modified":"2025-05-14T09:22:22","modified_gmt":"2025-05-14T08:22:22","slug":"nase-usluge","status":"publish","type":"page","link":"https:\/\/ispravi.me\/info\/o-usluzi\/nase-usluge\/","title":{"rendered":"\u0160to sve nudimo?"},"content":{"rendered":"<h2>Online ispravljanje<\/h2>\n<p>Na\u0161a najstarija usluga dostupna je od 1994. godine kao usluga elektroni\u010dke po\u0161te, a od 2003. kao web-aplikacija. Usluga omogu\u0107uje korisnicima ispravljanje teksta unesenog putem web-obrasca. U\u010dinkovito otkriva standardne pogre\u0161ke u hrvatskom jeziku: ije\/je, \u010d\/\u0107, s\/sa, zamijenjena slova, uba\u010dena slova i izbrisana slova, a na temelju razvijenog statisti\u010dkog modela hrvatskog jezika, za sumnjive rije\u010di nudi se popis mogu\u0107ih ispravaka. Nudi ispravljanje pogre\u0161aka koje konvencionalni spellcheckeri ne prepoznaju &#8211; Ha\u0161ek prepoznaje i nudi ispravke za \u010deste stilske pogre\u0161ke (<i>na taj na\u010din<\/i> vs.<i>tako<\/i>, <i>obzirom<\/i> na vs. <i>s obzirom na to da<\/i>) i pleonazme (<i>\u010dak \u0161tovi\u0161e<\/i>, <i>iz razloga \u0161to<\/i>, <i>besplatni poklon<\/i> i sli\u010dne). Sva komunikacija izme\u0111u korisnika i Ha\u0161eka \u0161ifrirana je kriptografskim klju\u010devima.<br \/>\n<!-- h2>Provjera PDF i DOC datoteka<\/h2>\n\n\nProfesionalni korisnici zainteresirani za offline pregled PDF ili DOC (ili drugih tekstnih datoteka ili datoteka koje se mogu\u00a0pretvoriti u tekstni oblik) mogu zatra\u017eiti strojnu provjeru pravopisa.\u00a0Za takvu uslugu <a href=\"mailto:www@ispravi.me\">obratite nam se elektroni\u010dkom po\u0161tom<\/a>.--><\/p>\n<h2>Programska su\u010delja (API)<\/h2>\n<p>Korisnici koji u svojoj mre\u017ei imaju instalirane sustave za upravljanje sadr\u017eajem, druge ure\u0111iva\u010de teksta ili vlastite aplikacije, mogu koristiti funkcionalnost Ha\u0161eka za provjeru upisa korisnikovog teksta putem aplikacijskih programskih su\u010delja (API-ja). Za komunikaciju se koristi protokol HTTPS, a odgovor Ha\u0161eka dostavlja se u formatu JSON. Osnovna\u00a0specifikacija dostupna je na <a href=\"\/info\/api\/\">stranici o API-ju<\/a>.<br \/>\n<!-- h2>Korporativni provjernik pravopisa<\/h2>\n\n\nProfesionalni korisnici koji ne \u017eele da\u00a0tekst koji daju na provjeru izlazi izvan njihove lokalne mre\u017ee, <a href=\"mailto:hacheck@fer.hr\">mogu zatra\u017eiti instalaciju korporativnog provjernika pravopisa<\/a>. U tom slu\u010daju, moraju osigurati\u00a0odgovaraju\u0107e ra\u010dunalo (fizi\u010dko ili virtualno)\u00a0i osigurati pristup djelatnicima FER-a koji \u0107e na to ra\u010dunalo instalirati odgovaraju\u0107u programsku podr\u0161ku. Brigu o administraciji ra\u010dunala i sigurnosti lokalne mre\u017ee vode vlasnici mre\u017ee i FER ne mo\u017ee biti odgovoran za\u00a0njeno funkcioniranje.\n\nTekst koji korisnici daju na obradu filtrira se u lokalnoj mre\u017ei, a na poslu\u017eitelj FER-a \u0161alju se samo rije\u010di za koje nema potvrde u lokalnoj bazi na strani korisnika. FER se brine o redovitoj administraciji baze rije\u010di na strani korisnika.\u00a0Korisnik je du\u017ean osigurati pristup\u00a0Ha\u0161ekovom poslu\u017eitelju s web-poslu\u017eitelja na koji je instalirana lokalna instalacija Ha\u0161eka. --><br \/>\n<!--\n\n\n<h1>U razvoju<\/h1>\n\n\n\n\n<h2>Dodatak Ispravi.me\u00a0za Google Chrome<\/h2>\n\n\nInstalacijom dodatka za preglednik Chrome, svako polje u koje korisnik mo\u017ee unositi tekst (INPUT, TEXTAREA...) mo\u017ee se povezati s uslugom Ha\u0161ekove strojne provjere pravopisa i omogu\u0107iti provjera i ispravljanje unesenog teksta bez izravnog pristupa su\u010delju web-aplikacije.\n\n\n<h2>Dodatak za Microsoft Office<\/h2>\n\n\nProvjernik pravopisa za hrvatski jezik\u00a0u Microsoftovim alatima temeljen je na\u00a0dodavanju sufiksa i prefiksa na korijene rije\u010di i\u00a0kao legitimne dopu\u0161ta rije\u010di koje su zapravo pogre\u0161ne. Instalacijom Ha\u0161ekovog dodatka za Microsoftov Office\u00a0snaga web-aplikacije postaje dostupna u najra\u0161irenijem tekstnom ure\u0111iva\u010dkom alatu. U planu\u00a0je izrada dodataka za ostale programe iz Microsoftovog uredskog paketa, kao i dodatak za Microsoft Outlook.\n\n--><\/p>\n","protected":false},"excerpt":{"rendered":"<p>Online ispravljanje Na\u0161a najstarija usluga dostupna je od 1994. godine kao usluga elektroni\u010dke po\u0161te, a od 2003. kao web-aplikacija. Usluga omogu\u0107uje korisnicima ispravljanje teksta unesenog putem web-obrasca. U\u010dinkovito otkriva standardne pogre\u0161ke u hrvatskom jeziku: ije\/je, \u010d\/\u0107, s\/sa, zamijenjena slova, uba\u010dena slova i izbrisana slova, a na temelju razvijenog statisti\u010dkog modela hrvatskog jezika, za sumnjive rije\u010di [&hellip;]<\/p>\n","protected":false},"author":1,"featured_media":0,"parent":2,"menu_order":0,"comment_status":"closed","ping_status":"closed","template":"","meta":{"_exactmetrics_skip_tracking":false,"_exactmetrics_sitenote_active":false,"_exactmetrics_sitenote_note":"","_exactmetrics_sitenote_category":0,"footnotes":""},"class_list":["post-222","page","type-page","status-publish","hentry"],"_links":{"self":[{"href":"https:\/\/ispravi.me\/info\/wp-json\/wp\/v2\/pages\/222","targetHints":{"allow":["GET"]}}],"collection":[{"href":"https:\/\/ispravi.me\/info\/wp-json\/wp\/v2\/pages"}],"about":[{"href":"https:\/\/ispravi.me\/info\/wp-json\/wp\/v2\/types\/page"}],"author":[{"embeddable":true,"href":"https:\/\/ispravi.me\/info\/wp-json\/wp\/v2\/users\/1"}],"replies":[{"embeddable":true,"href":"https:\/\/ispravi.me\/info\/wp-json\/wp\/v2\/comments?post=222"}],"version-history":[{"count":17,"href":"https:\/\/ispravi.me\/info\/wp-json\/wp\/v2\/pages\/222\/revisions"}],"predecessor-version":[{"id":1199,"href":"https:\/\/ispravi.me\/info\/wp-json\/wp\/v2\/pages\/222\/revisions\/1199"}],"up":[{"embeddable":true,"href":"https:\/\/ispravi.me\/info\/wp-json\/wp\/v2\/pages\/2"}],"wp:attachment":[{"href":"https:\/\/ispravi.me\/info\/wp-json\/wp\/v2\/media?parent=222"}],"curies":[{"name":"wp","href":"https:\/\/api.w.org\/{rel}","templated":true}]}}